{"id":783,"date":"2026-02-01T17:02:10","date_gmt":"2026-02-01T17:02:10","guid":{"rendered":"https:\/\/www.deepunderwaterworks.com\/web\/?page_id=783"},"modified":"2026-02-02T09:50:59","modified_gmt":"2026-02-02T09:50:59","slug":"politica-de-empresa-es","status":"publish","type":"page","link":"https:\/\/www.deepunderwaterworks.com\/web\/politica-de-empresa-es\/","title":{"rendered":"Pol\u00edtica de empresa ES"},"content":{"rendered":"\n<figure class=\"wp-block-image alignfull size-large\"><img loading=\"lazy\" decoding=\"async\" width=\"1024\" height=\"426\" src=\"https:\/\/www.deepunderwaterworks.com\/web\/wp-content\/uploads\/2026\/02\/deep-banner-2-low-1024x426.jpg\" alt=\"\" class=\"wp-image-830\" srcset=\"https:\/\/www.deepunderwaterworks.com\/web\/wp-content\/uploads\/2026\/02\/deep-banner-2-low-1024x426.jpg 1024w, https:\/\/www.deepunderwaterworks.com\/web\/wp-content\/uploads\/2026\/02\/deep-banner-2-low-300x125.jpg 300w, https:\/\/www.deepunderwaterworks.com\/web\/wp-content\/uploads\/2026\/02\/deep-banner-2-low-768x320.jpg 768w, https:\/\/www.deepunderwaterworks.com\/web\/wp-content\/uploads\/2026\/02\/deep-banner-2-low-1536x640.jpg 1536w, https:\/\/www.deepunderwaterworks.com\/web\/wp-content\/uploads\/2026\/02\/deep-banner-2-low.jpg 1700w\" sizes=\"auto, (max-width: 1024px) 100vw, 1024px\" \/><\/figure>\n\n\n\n<h2 class=\"wp-block-heading has-text-align-center has-ast-global-color-1-color has-text-color has-link-color wp-elements-1e3fe3b69e2ea2087c19eadd4a561fec\">Nuestra pol\u00edtica de empresa<\/h2>\n\n\n\n<div class=\"wp-block-columns is-layout-flex wp-container-core-columns-is-layout-f0342b05 wp-block-columns-is-layout-flex\" style=\"margin-top:0;margin-bottom:0\">\n<div class=\"wp-block-column is-layout-flow wp-container-core-column-is-layout-8a368f38 wp-block-column-is-layout-flow\">\n<p><strong>Deep Underwater Works<\/strong> es una empresa que realiza todo tipo de trabajos profesionales en el medio acu\u00e1tico, tanto a nivel nacional como internacional.<\/p>\n\n\n\n<p>Somos profesionales con una dilatada experiencia en trabajos subacu\u00e1ticos, que realizamos todo tipo de obra o trabajo bajo el agua de manera presencial o con la ayuda ROV.<\/p>\n\n\n\n<p>La empresa cuenta con una s\u00f3lida experiencia en el Sector, aportando nuestro conocimiento, experiencia y saber hacer para realizar los trabajos de nuestros clientes con una clara orientaci\u00f3n a la calidad y buen hacer.<\/p>\n<\/div>\n\n\n\n<div class=\"wp-block-column is-layout-flow wp-block-column-is-layout-flow\">\n<p>Por ello, Deep Underwater Works ha desarrollado y desplegado un sistema integrado de Gesti\u00f3n de Seguridad, Salud Laboral y Medio Ambiente, fundament\u00e1ndolo en la Calidad de su servicio y de sus procesos de trabajo, en el respeto al entorno ambiental y a la seguridad y salud laboral, como fruto de la mejora y b\u00fasqueda continua de la cooperaci\u00f3n y satisfacci\u00f3n de nuestros Clientes como objetivo estrat\u00e9gico y prioritario.<\/p>\n<\/div>\n<\/div>\n\n\n\n<div class=\"wp-block-columns is-layout-flex wp-container-core-columns-is-layout-ec2e7a44 wp-block-columns-is-layout-flex\" style=\"padding-top:0;padding-bottom:0\">\n<div class=\"wp-block-column is-layout-flow wp-block-column-is-layout-flow\">\n<p><strong>Contemplamos los siguientes compromisos de actuaci\u00f3n:<\/strong><\/p>\n\n\n\n<ul class=\"wp-block-list\">\n<li>Entender de manera constante y en todos los niveles de la empresa que nuestros Clientes son y han de ser nuestro mejor aval.<\/li>\n\n\n\n<li>Integrar un enfoque de gesti\u00f3n de riesgos empresariales como parte de nuestra filosof\u00eda de prevenci\u00f3n de fallos y de mejora continua en nuestra gesti\u00f3n.<\/li>\n\n\n\n<li>Comprometernos a que nuestras operaciones se realicen teniendo en cuenta en todo momento el cumplimiento legal de aplicaci\u00f3n en materia ambiental y de seguridad y salud laboral.<\/li>\n\n\n\n<li>Apostar por la tecnolog\u00eda y maquinaria de \u00faltima generaci\u00f3n para prestar un servicio eficaz con las m\u00e1ximas garant\u00edas de calidad.<\/li>\n\n\n\n<li>Contar con profesionales experimentados y formados para la prestaci\u00f3n de nuestros servicios con las m\u00e1ximas garant\u00edas de calidad y eficacia y para contribuir a que puedan alcanzarse con solvencia los objetivos de nuestro Sistema de Gesti\u00f3n Integrado.<\/li>\n\n\n\n<li>Adoptar el principio de prevenci\u00f3n de la contaminaci\u00f3n ambiental y protecci\u00f3n del medio ambiente a trav\u00e9s de la identificaci\u00f3n, evaluaci\u00f3n y control de todos los aspectos ambientales que se deriven de nuestra actividad, priorizando el uso y adopci\u00f3n de las medidas y materiales m\u00e1s sostenibles.<\/li>\n<\/ul>\n\n\n\n<p>Todo ello nos ha permitido desarrollar una s\u00f3lida experiencia en el Sector, que nos permite realizar siempre nuestro trabajo con una clara orientaci\u00f3n a la calidad en el servicio y en los procesos de trabajo, en el respeto al entorno ambiental y a la seguridad y salud laboral como furto de la mejora y b\u00fasqueda continua a la cooperaci\u00f3n y satisfacci\u00f3n de nuestros Clientes como objetivo estrat\u00e9gico y prioritario.<\/p>\n\n\n\n<p>As\u00ed, es responsabilidad m\u00eda y de todo el personal de Deep Underwater Works el correcto cumplimiento de estas directrices y su implantaci\u00f3n.<\/p>\n\n\n\n<div style=\"height:69px\" aria-hidden=\"true\" class=\"wp-block-spacer\"><\/div>\n\n\n\n<div class=\"wp-block-group is-content-justification-right is-nowrap is-layout-flex wp-container-core-group-is-layout-17124a9a wp-block-group-is-layout-flex\">\n<figure class=\"wp-block-image alignright size-full\"><img loading=\"lazy\" decoding=\"async\" width=\"181\" height=\"129\" src=\"https:\/\/www.deepunderwaterworks.com\/web\/wp-content\/uploads\/2024\/11\/Picture-1.png\" alt=\"\" class=\"wp-image-718\"\/><\/figure>\n<\/div>\n\n\n\n<p class=\"has-text-align-right\"><em>Daniel Guti\u00e9rrez Fabeiro<\/em><\/p>\n\n\n\n<p class=\"has-text-align-right\"><strong>Gerente Deep Underwater Works<\/strong><\/p>\n\n\n\n<div style=\"height:100px\" aria-hidden=\"true\" class=\"wp-block-spacer\"><\/div>\n<\/div>\n<\/div>\n\n\n\n<p><\/p>\n","protected":false},"excerpt":{"rendered":"<p>Nuestra pol\u00edtica de empresa Deep Underwater Works es una empresa que realiza todo tipo de trabajos profesionales en el medio acu\u00e1tico, tanto a nivel nacional como internacional. Somos profesionales con una dilatada experiencia en trabajos subacu\u00e1ticos, que realizamos todo tipo de obra o trabajo bajo el agua de manera presencial o con la ayuda ROV. [&hellip;]<\/p>\n","protected":false},"author":1,"featured_media":0,"parent":0,"menu_order":0,"comment_status":"closed","ping_status":"closed","template":"","meta":{"site-sidebar-layout":"default","site-content-layout":"","ast-site-content-layout":"default","site-content-style":"default","site-sidebar-style":"default","ast-global-header-display":"","ast-banner-title-visibility":"","ast-main-header-display":"","ast-hfb-above-header-display":"","ast-hfb-below-header-display":"","ast-hfb-mobile-header-display":"","site-post-title":"disabled","ast-breadcrumbs-content":"","ast-featured-img":"","footer-sml-layout":"","ast-disable-related-posts":"","theme-transparent-header-meta":"","adv-header-id-meta":"","stick-header-meta":"","header-above-stick-meta":"","header-main-stick-meta":"","header-below-stick-meta":"","astra-migrate-meta-layouts":"default","ast-page-background-enabled":"default","ast-page-background-meta":{"desktop":{"background-color":"var(--ast-global-color-4)","background-image":"","background-repeat":"repeat","background-position":"center center","background-size":"auto","background-attachment":"scroll","background-type":"","background-media":"","overlay-type":"","overlay-color":"","overlay-opacity":"","overlay-gradient":""},"tablet":{"background-color":"","background-image":"","background-repeat":"repeat","background-position":"center center","background-size":"auto","background-attachment":"scroll","background-type":"","background-media":"","overlay-type":"","overlay-color":"","overlay-opacity":"","overlay-gradient":""},"mobile":{"background-color":"","background-image":"","background-repeat":"repeat","background-position":"center center","background-size":"auto","background-attachment":"scroll","background-type":"","background-media":"","overlay-type":"","overlay-color":"","overlay-opacity":"","overlay-gradient":""}},"ast-content-background-meta":{"desktop":{"background-color":"var(--ast-global-color-5)","background-image":"","background-repeat":"repeat","background-position":"center center","background-size":"auto","background-attachment":"scroll","background-type":"","background-media":"","overlay-type":"","overlay-color":"","overlay-opacity":"","overlay-gradient":""},"tablet":{"background-color":"var(--ast-global-color-5)","background-image":"","background-repeat":"repeat","background-position":"center center","background-size":"auto","background-attachment":"scroll","background-type":"","background-media":"","overlay-type":"","overlay-color":"","overlay-opacity":"","overlay-gradient":""},"mobile":{"background-color":"var(--ast-global-color-5)","background-image":"","background-repeat":"repeat","background-position":"center center","background-size":"auto","background-attachment":"scroll","background-type":"","background-media":"","overlay-type":"","overlay-color":"","overlay-opacity":"","overlay-gradient":""}},"footnotes":""},"class_list":["post-783","page","type-page","status-publish","hentry"],"_links":{"self":[{"href":"https:\/\/www.deepunderwaterworks.com\/web\/wp-json\/wp\/v2\/pages\/783","targetHints":{"allow":["GET"]}}],"collection":[{"href":"https:\/\/www.deepunderwaterworks.com\/web\/wp-json\/wp\/v2\/pages"}],"about":[{"href":"https:\/\/www.deepunderwaterworks.com\/web\/wp-json\/wp\/v2\/types\/page"}],"author":[{"embeddable":true,"href":"https:\/\/www.deepunderwaterworks.com\/web\/wp-json\/wp\/v2\/users\/1"}],"replies":[{"embeddable":true,"href":"https:\/\/www.deepunderwaterworks.com\/web\/wp-json\/wp\/v2\/comments?post=783"}],"version-history":[{"count":8,"href":"https:\/\/www.deepunderwaterworks.com\/web\/wp-json\/wp\/v2\/pages\/783\/revisions"}],"predecessor-version":[{"id":866,"href":"https:\/\/www.deepunderwaterworks.com\/web\/wp-json\/wp\/v2\/pages\/783\/revisions\/866"}],"wp:attachment":[{"href":"https:\/\/www.deepunderwaterworks.com\/web\/wp-json\/wp\/v2\/media?parent=783"}],"curies":[{"name":"wp","href":"https:\/\/api.w.org\/{rel}","templated":true}]}}